12). Calculate the greatest common divisor of u and 12.
6
Suppose k + 5 = 0, -j = -0*j - k - 15. Let a be (10/(-6))/(j/(-150)). Calculate the highest common divisor of a and 10.
5
Suppose -3*n + n = u - 8, 0 = n - 1. Calculate the greatest common factor of 2 and u.
2
Suppose -3*k + 1 = t - 47, -3*t = -3*k - 168. What is the highest common factor of 6 and t?
6
Let b(q) = -q**3 - 10*q**2 + 34*q - 15. Let y be b(-13). Calculate the greatest common divisor of 40 and y.
10
Let f(p) = 5*p + 14. Let t be f(14). Calculate the greatest common divisor of 12 and t.
12
Let p(s) = s**2 + 4*s + 3. Let f be p(-2). Let h be f/3 + (-19)/(-3). Suppose 0 - h = -r. What is the highest common factor of r and 3?
3
Let t(c) = 7*c**2 + 2*c - 9. Let k be t(3). Suppose -k - 66 = -2*h. Calculate the greatest common divisor of 21 and h.
21
Suppose x = -4*z + 22, x = z + 5 + 2. Let f be 1*(1 - (0 + 0)). Let a be (-70)/((0 - f) + 0). Calculate the highest common factor of x and a.
10
Let d = 1127 + -647. Calculate the greatest common factor of d and 48.
48
Let v(x) = -2*x - 4. Let s(m) = -m - 2. Let b(y) = -13*s(y) + 6*v(y). Let w be b(-1). Calculate the greatest common divisor of w and 3.
1
Let j(y) = 4*y**2 - 11*y - 22. Let f = 11 - 2. Let l be j(f). Calculate the greatest common divisor of 29 and l.
29
Suppose 2*p - 40 = 2*v, -2*p - 4*v - 95 = -7*p. What is the highest common divisor of 9 and p?
3
Let c = -92 + 97. What is the greatest common factor of c and 10?
5
Suppose -3*j = 4*l - 11, 3*j - 30 = j + 3*l. Let b = 7 + -5. Let s be ((-54)/b)/(1*-1). What is the highest common divisor of j and s?
9
Suppose 5*i = -109 + 274. Let w(y) = -7*y - 45. Let q be w(-8). What is the highest common factor of i and q?
11
Let p be 3*(2 + 66/9). Let c = p - 41. Let x = c - -104. Calculate the highest common factor of x and 13.
13
Let a = 6 + -2. Suppose -37 = a*s + 91. Let m be -2 - (s/2 - 0). Calculate the greatest common divisor of 112 and m.
14
Let z(r) be the second derivative of -r**4/12 + 4*r**3/3 + r**2 - 2*r. Let h be z(8). Suppose -2*f - h = -4. Calculate the greatest common factor of f and 2.
1
Let k(c) = 51*c**2 - c + 1. Let n be k(1). Suppose -o - i + 2*i + 4 = 0, 3*i - 3 = 0. Suppose o*b - 474 = n. What is the greatest common divisor of b and 21?
21
Let h be 2/(0 + 1 + -3). Let k be 7*((5 - 1) + h). Calculate the greatest common divisor of k and 105.
21
Let p(v) = v**3 - 7*v**2 + 11*v - 7. Let l be p(5). Let a be l + 4 + 2 + -2. What is the greatest common divisor of a and 18?
2
Suppose -41*j - 416 = -45*j. What is the highest common divisor of j and 26?
26
Let m(q) = q**2 - 8*q + 11. Let s = 0 - -8. Let p be m(s). Let w = -108 + 163. Calculate the greatest common divisor of p and w.
11
Let p(a) = a. Let g be p(5). What is the highest common divisor of g and 40?
5
Suppose 2*p - 2 = 14. Calculate the greatest common factor of 20 and p.
4
Suppose -3*y - 220 = -5*y - 4*a, 0 = -5*y + 5*a + 565. What is the greatest common divisor of y and 14?
14
Let q(p) = -p + 10. Let k be q(7). What is the greatest common divisor of 9 and k?
3
Let t(j) = -j**2 + 24*j - 23. Let z be t(21). Suppose -x - 4*h + 0*h = -4, 0 = -2*x + 3*h + 19. What is the highest common factor of x and z?
8
Let h(o) = -o**3 + 8*o**2 - 10*o + 8. Let g be h(5). What is the highest common factor of 3 and g?
3
Suppose -22 + 12 = -5*o. Let w(f) = -f**2 + 9*f - 4. Let d be w(7). Suppose o*j = 5*m + d, m = -0*m. What is the highest common divisor of j and 35?
5
Suppose -3*x + 34 = -2*x. Let r be (x/4)/((-1)/(-2)). What is the highest common divisor of r and 17?
17
Suppose -8*r + 178 + 942 = 0. What is the greatest common factor of r and 14?
14
Let g(t) = t**3 - 2*t**2 - t + 3. Let x be g(2). What is the greatest common factor of 11 and x?
1
Suppose -j = 2*x - 1 + 3, -3*x - 6 = 0. Let p be (2*-2)/(-1*1). Suppose -12 = 3*g, -16 = -j*l - 2*l - p*g. What is the highest common factor of l and 1?
1
Let f = -22 - 3. Let q = 15 + f. Let s = 80 + q. What is the highest common divisor of 28 and s?
14
Suppose -6*o + 189 = -1101. What is the highest common divisor of 86 and o?
43
Let b be 3 + -5 + 1 + 1. Suppose z - 19 + 1 = b. What is the greatest common divisor of z and 12?
6
Let a(x) be the first derivative of 7*x**2/2 - x - 3. Let w be 3/(-1)*(-8)/12. Let t be a(w). Calculate the highest common factor of 13 and t.
13
Let v be 2/9 + (-158)/(-18). Let g be -1 - -2 - (1 + -1). Suppose 2*y = m + 4*m + g, 5*m = y + 2. What is the highest common factor of y and v?
3
Let t be 176/10 - (-39)/(-65). What is the greatest common divisor of 17 and t?
17
Suppose -4*c - 22 = -2. Let u(q) = 0 - 3 + 0*q - 2*q. Let o be u(c). What is the greatest common factor of o and 28?
7
Let l(y) = -y + 5. Let f be l(9). Let s(i) = -i. Let z be s(f). Calculate the highest common divisor of z and 32.
4
Let r be (0 + 4)/(20/70). Calculate the highest common factor of r and 2.
2
Suppose 17*u - 9*u - 528 = 0. What is the greatest common factor of u and 528?
66
Suppose 5*u + 18 = 2*u. Let p be (10/u - -2)*3. What is the greatest common divisor of 1 and p?
1
Let s = -26 + 41. Suppose 2*o - 5*p = 10, 3*p - 25 = -5*o + 5*p. What is the highest common divisor of o and s?
5
Suppose 215 = 3*r - r - o, -2*r = -3*o - 205. What is the greatest common divisor of 44 and r?
22
Let q(o) = 45*o**3 - 2. Let n be q(2). Let r = n + -111. Suppose 0 = 5*m - 667 + r. Calculate the greatest common divisor of m and 12.
12
Let j be 1/(-2*(-4)/920). Suppose -4*s + j = 7. Calculate the highest common factor of 216 and s.
27
Suppose 0 = -3*y, -3*m + 5*y + 26 = -13. Let h = -2 + m. What is the greatest common divisor of 44 and h?
11
Let r(b) be the first derivative of -b**2/2 + 8*b - 2. Let a be r(5). Suppose -48 = -10*y + 2*y. Calculate the highest common factor of y and a.
3
Let x be 8*1*2/(-4). Let f(i) = -4*i - 8. Let l be f(x). Calculate the greatest common factor of l and 40.
8
Let a = 252 - 176. Suppose 4*n = 8*n - a. Calculate the highest common divisor of n and 76.
19
Let u be (2/(-8))/(4/(-112)). Let f be (0/2)/(-2) - -42. Calculate the highest common factor of u and f.
7
Let n(z) = z**3 - z + 14. Let w be n(0). Suppose w = 4*f - c, 4*f - 18 = 2*f - 5*c. Calculate the greatest common divisor of f and 36.
4
Suppose 7*t - 35 = 2*t. Let f be 3 - ((-1)/(-1) + -2). Suppose -3*a = -f*a + 56. What is the greatest common factor of a and t?
7
Suppose -8 + 20 = 2*n. Let z be 46/10 + (-6)/(-15). Suppose z*f = -2 + 32. What is the greatest common divisor of n and f?
6
Suppose -2*o - 9 = o, 5*v - 109 = 3*o. Let l = v - 9. Let t = 2 - 1. Calculate the greatest common divisor of t and l.
1
Let h be 20 - (-1 - (3 - 3)). Let i be (0 + -1)/((-3)/h). What is the highest common divisor of 49 and i?
7
Let i(t) = 6*t. Let l be i(1). What is the highest common divisor of 2 and l?
2
Let z(w) = -w**3 - 8*w**2 - 2*w - 8. Let o be z(-8). Suppose 0*f - 183 = -3*f. Suppose -4*p + 221 = f. What is the highest common factor of o and p?
8
Let y(i) = i**3 - 2*i**2 - 8*i + 2. Let r be y(4). Calculate the greatest common factor of r and 4.
2
Suppose 30*y - 34*y + 20 = 0. What is the greatest common divisor of 35 and y?
5
Let a = 81 - 33. Let g(s) = -8*s. Let h be g(-1). What is the highest common divisor of a and h?
8
Suppose 0 = k - 6*k + 135. Calculate the greatest common factor of k and 72.
9
Suppose 120 = 5*k - 0*k. Let m = -13 + k. Calculate the greatest common factor of m and 22.
11
Let j = 0 - -3. Suppose -5*q + 2*i = -157, -7*i + 2*i = -2*q + 46. Calculate the greatest common factor of q and j.
3
Let q(v) = -v**2 - 11*v + 8. Let g be q(-11). Let f = g + 10. Calculate the highest common factor of 18 and f.
18
Let q(j) be the third derivative of 7*j**5/20 - j**4/24 + j**3/3 + 5*j**2. Let g be q(-2). What is the highest common divisor of 8 and g?
8
Let b(n) = -2*n**2 + 14*n + 1. Let u be b(7). What is the greatest common divisor of 2 and u?
1
Let s = -5 - -31. What is the greatest common factor of 13 and s?
13
Let z be ((-2)/(-6))/((-1)/(-99))*1. What is the highest common factor of z and 22?
11
Let d(h) = -h**2 - 6*h + 3. Let y be d(-6). Suppose -y = -i + 33. Calculate the greatest common factor of 9 and i.
9
Suppose 0*c - 3 = -3*c. Suppose 5*a - 18 = -t - 5, -2*a + 6 = 0. Let f be t/((-1)/(2/4)). Cal